{"version":"1.0","provider_name":"Black Blog","provider_url":"https:\/\/black.cafeblog.hu","author_name":"Lilil\u00e1ny","author_url":"https:\/\/black.cafeblog.hu\/author\/lililany\/","title":"M\u00e9gsem r\u00fagt\u00e1k ki Ker\u00e9nyit","html":"<p><strong>L\u0151rinczy Gy\u00f6rgy nem kir\u00fagta Ker\u00e9nyit, hanem csak felmentette a munkav\u00e9gz\u00e9s al\u00f3l.\u00a0<\/strong><!--more--><\/p>\r\n<p>MIlli\u00f3kkal t\u00e1vozik <a href=\"https:\/\/black.cafeblog.hu\/2017\/11\/05\/breking-lemondodd-kerenyi-miklos-gabor\/\" target=\"_blank\" rel=\"noopener noreferrer\">Ker\u00e9nyi Mikl\u00f3s G\u00e1bor <\/a>az Operett\u0151l - \u00edrja a <a href=\"http:\/\/hvg.hu\/itthon\/20171108_Millios_fizetessel_tavozik_az_Operettszinhaztol_Kerenyi#rss\" target=\"_blank\" rel=\"noopener noreferrer\">hvg.<\/a> Mint \u00edrj\u00e1k, hab\u00e1r a legt\u00f6bb lap \u00fagy \u00e9rtelmezte az Operettigaz\u00e1b\u00f3l \"csak felmentette\"\u00a0\u00a0a munkav\u00e9gz\u00e9s al\u00f3l a nyugd\u00edjaz\u00e1st k\u00e9r\u0151 m\u0171v\u00e9szeti igazgat\u00f3t.<\/p>\r\n<p><img class=\"alignnone size-full wp-image-712\" src=\"https:\/\/black.cafeblog.hu\/files\/2017\/11\/document.jpeg\" alt=\"\" width=\"1125\" height=\"750\" \/><\/p>\r\n<p>Ez azt jelenti, hogy\u00a0<strong>nyolc havi fizet\u00e9s\u00e9t\u00a0kapja meg, ami t\u00f6bb milli\u00f3 forint is lehet.<\/strong><\/p>\r\n<p>Kir\u00fag\u00e1s eset\u00e9n azonnali hat\u00e1llyal, fegyelmivel sz\u0171nt volna meg a munakviszony, erre a sz\u00ednh\u00e1znak lett is volna lehet\u0151s\u00e9ge - teszik hozz\u00e1.\u00a0<\/p>\r\n<p><a href=\"https:\/\/yellow.cafeblog.hu\/2017\/11\/08\/bizarr-hangfelvetel-szivargott-ki-kerenyirol\/\" target=\"_blank\" rel=\"noopener noreferrer\"><span style=\"color: #ff0000\"><em><strong>Ez is \u00e9rdekelhet: Bizarr hangfelv\u00e9tel sziv\u00e1rgott ki Ker\u00e9nyr\u0151l<\/strong><\/em><\/span><\/a><\/p>","type":"rich","thumbnail_url":null,"thumbnail_width":null,"thumbnail_height":null}

Lililány

Mégsem rúgták ki Kerényit

<p><strong>Lőrinczy György nem kirúgta Kerényit, hanem csak felmentette a munkavégzés alól. </strong><!--more--></p>
<p>MIlliókkal távozik <a href="https://black.cafeblog.hu/2017/11/05/breking-lemondodd-kerenyi-miklos-gabor/" target="_blank" rel="noopener noreferrer">Kerényi Miklós Gábor </a>az Operettől - írja a <a href="http://hvg.hu/itthon/20171108_Millios_fizetessel_tavozik_az_Operettszinhaztol_Kerenyi#rss" target="_blank" rel="noopener noreferrer">hvg.</a> Mint írják, habár a legtöbb lap úgy értelmezte az Operettigazából "csak felmentette"  a munkavégzés alól a nyugdíjazást kérő művészeti igazgatót.</p>
<p><img class="alignnone size-full wp-image-712" src="https://black.cafeblog.hu/files/2017/11/document.jpeg" alt="" width="1125" height="750" /></p>
<p>Ez azt jelenti, hogy <strong>nyolc havi fizetését kapja meg, ami több millió forint is lehet.</strong></p>
<p>Kirúgás esetén azonnali hatállyal, fegyelmivel szűnt volna meg a munakviszony, erre a színháznak lett is volna lehetősége - teszik hozzá. </p>
<p><a href="https://yellow.cafeblog.hu/2017/11/08/bizarr-hangfelvetel-szivargott-ki-kerenyirol/" target="_blank" rel="noopener noreferrer"><span style="color: #ff0000"><em><strong>Ez is érdekelhet: Bizarr hangfelvétel szivárgott ki Kerényről</strong></em></span></a></p>
