{"version":"1.0","provider_name":"Black Blog","provider_url":"https:\/\/black.cafeblog.hu","author_name":"Lilil\u00e1ny","author_url":"https:\/\/black.cafeblog.hu\/author\/lililany\/","title":"Agg\u00f3dnak Demcs\u00e1k Zsuzs\u00e1\u00e9rt","html":"<p><strong>Teljesen elt\u0171nt Demcs\u00e1k Zsuzsa, vajon mi lehet vele?<\/strong><\/p>\r\n<p><!--more--><\/p>\r\n<p>Demcs\u00e1k Zsuzsa botr\u00e1nyos interj\u00faja ut\u00e1n szerd\u00e1n bejelentette, hogy maga k\u00e9rte szerz\u0151d\u00e9se felbont\u00e1s\u00e1t az ATV-vel. Az\u00f3ta az is kider\u00fclt, <a href=\"https:\/\/black.cafeblog.hu\/2017\/09\/28\/elkepeszto-dolgokat-allit-egy-volt-kollega-demcsakrol\/\" target=\"_blank\" rel=\"noopener noreferrer\">igen cs\u00fany\u00e1n viselkedett a koll\u00e9g\u00e1kkal is.\u00a0<\/a><\/p>\r\n<p>Az ATV \u00e9s Zsuzsa a hivatalos k\u00f6zlem\u00e9ny szerint k\u00f6z\u00f6s megegyez\u00e9ssel v\u00e1ltak el, b\u00e1r sok\u00e1n \u00e1ll\u00edtj\u00e1k, ez ink\u00e1bb egy gesztus volt a csatorna r\u00e9sz\u00e9r\u0151l a m\u0171sorvezet\u0151 fel\u00e9.\u00a0<\/p>\r\n<p>Demcs\u00e1k az\u00f3ta teljesen elt\u0171nt, <strong>a Facebook-oldal\u00e1n egy\u00e1ltal\u00e1n nem posztol, \u00e9s <a href=\"http:\/\/www.life.hu\/sztarok\/20171020-demcsak-zsuzsa-felszivodott.html\" target=\"_blank\" rel=\"noopener noreferrer\">\u00e1ll\u00edt\u00f3lag<\/a> a telefonokra sem reag\u00e1l.<\/strong>\u00a0<\/p>\r\n[caption id=\"attachment_447\" align=\"alignnone\" width=\"890\"]<img class=\"size-full wp-image-447\" src=\"https:\/\/black.cafeblog.hu\/files\/2017\/09\/demcsak_zsuzsa.jpg\" alt=\"\" width=\"890\" height=\"888\" \/> Forr\u00e1s: Facebook[\/caption]\r\n<p>A Blikk \u00fagy tudja, egyre t\u00f6bben <strong>agg\u00f3dnak \u00e9rte.<\/strong><\/p>","type":"rich","thumbnail_url":null,"thumbnail_width":null,"thumbnail_height":null}

Lililány

Aggódnak Demcsák Zsuzsáért

<p><strong>Teljesen eltűnt Demcsák Zsuzsa, vajon mi lehet vele?</strong></p>
<p><!--more--></p>
<p>Demcsák Zsuzsa botrányos interjúja után szerdán bejelentette, hogy maga kérte szerződése felbontását az ATV-vel. Azóta az is kiderült, <a href="https://black.cafeblog.hu/2017/09/28/elkepeszto-dolgokat-allit-egy-volt-kollega-demcsakrol/" target="_blank" rel="noopener noreferrer">igen csúnyán viselkedett a kollégákkal is. </a></p>
<p>Az ATV és Zsuzsa a hivatalos közlemény szerint közös megegyezéssel váltak el, bár sokán állítják, ez inkább egy gesztus volt a csatorna részéről a műsorvezető felé. </p>
<p>Demcsák azóta teljesen eltűnt, <strong>a Facebook-oldalán egyáltalán nem posztol, és <a href="http://www.life.hu/sztarok/20171020-demcsak-zsuzsa-felszivodott.html" target="_blank" rel="noopener noreferrer">állítólag</a> a telefonokra sem reagál.</strong> </p>
[caption id="attachment_447" align="alignnone" width="890"]<img class="size-full wp-image-447" src="https://black.cafeblog.hu/files/2017/09/demcsak_zsuzsa.jpg" alt="" width="890" height="888" /> Forrás: Facebook[/caption]
<p>A Blikk úgy tudja, egyre többen <strong>aggódnak érte.</strong></p>
